e of 586?
False
Is 113 a factor of 9690280?
False
Does 573 divide 97227786?
True
Is 1492530377 a multiple of 35?
False
Is 24 a factor of 2962915?
False
Is 26 a factor of 1433408366?
True
Does 79 divide 1030941977?
False
Is 24 a factor of 1668171936?
True
Does 2768 divide 74018494?
False
Is 1306 a factor of 790645870?
True
Does 10 divide 4047530?
True
Does 11 divide 9143684?
True
Is 466612786 a multiple of 886?
True
Is 1673 a factor of 280578754?
False
Does 5 divide 130667592?
False
Is 725979296 a multiple of 14?
True
Is 219 a factor of 63521214?
False
Is 33088981 a multiple of 148?
False
Is 8393224 a multiple of 67?
True
Does 30 divide 167448840?
True
Is 2054280 a multiple of 380?
True
Is 383 a factor of 1467536504?
True
Does 18 divide 93372354?
True
Is 262277376 a multiple of 192?
True
Is 5 a factor of 320962930?
True
Is 16966554 a multiple of 11?
True
Is 5452080 a multiple of 1169?
False
Does 11 divide 1339755847?
False
Does 1321 divide 95003678?
True
Is 381602880 a multiple of 48?
True
Is 268 a factor of 11563128?
True
Does 5 divide 1457335010?
True
Does 32 divide 157227143?
False
Is 332 a factor of 44305400?
True
Is 27897312 a multiple of 104?
False
Is 1740225 a multiple of 75?
True
Does 129 divide 130348926?
False
Is 547851928 a multiple of 13?
True
Does 14 divide 31811948?
True
Does 1126 divide 166429003?
False
Is 913 a factor of 253433163?
False
Does 99 divide 5512914?
True
Is 8874306 a multiple of 357?
True
Is 333 a factor of 67183299?
False
Is 392 a factor of 43035720?
True
Is 137673375 a multiple of 2051?
True
Is 35984404 a multiple of 76?
True
Is 1381 a factor of 79080203?
True
Is 21173062 a multiple of 62?
True
Does 16 divide 7039900?
False
Is 182 a factor of 8851832?
False
Does 10 divide 10863013?
False
Does 459 divide 181383972?
False
Is 618 a factor of 88602660?
True
Is 597691156 a multiple of 46?
True
Is 369 a factor of 185928768?
True
Is 13 a factor of 1243655819?
False
Is 12163053 a multiple of 139?
False
Is 55113908 a multiple of 589?
True
Is 27 a factor of 808983871?
False
Is 66 a factor of 192232428?
False
Is 32852300 a multiple of 325?
True
Is 830109762 a multiple of 698?
True
Is 227614959 a multiple of 13?
True
Does 10 divide 5735628?
False
Does 20 divide 642910898?
False
Is 2679 a factor of 190283859?
False
Is 10687062 a multiple of 8?
False
Is 59 a factor of 4765371?
True
Is 27 a factor of 108401741?
False
Does 2115 divide 231791310?
True
Is 3 a factor of 17512698?
True
Does 7 divide 239721503?
True
Does 37 divide 87776130?
False
Is 5497 a factor of 3007265778?
True
Does 138 divide 2306476?
False
Is 43 a factor of 5893107?
True
Is 12 a factor of 16117465?
False
Is 36908308 a multiple of 347?
True
Is 5 a factor of 66523108?
False
Does 157 divide 16665754?
False
Is 1717406457 a multiple of 577?
True
Is 32794515 a multiple of 305?
True
Is 659 a factor of 14657025?
False
Does 3 divide 531351?
True
Does 61 divide 1502433518?
False
Is 18255104 a multiple of 976?
True
Is 6 a factor of 21667290?
True
Does 80 divide 54248510?
False
Is 7 a factor of 145202650?
False
Is 2385437867 a multiple of 418?
False
Does 10 divide 485946?
False
Does 3 divide 18479033?
False
Is 7 a factor of 13506773?
True
Is 9 a factor of 23213448?
True
Does 659 divide 867933973?
True
Is 71048445 a multiple of 4?
False
Is 2 a factor of 15616612?
True
Is 1233986209 a multiple of 2829?
False
Does 7345 divide 804158639?
False
Does 834 divide 12897302?
False
Is 45491949 a multiple of 5144?
False
Is 24 a factor of 2991452531?
False
Is 42 a factor of 2028242908?
False
Is 79141167 a multiple of 2468?
False
Does 1073 divide 2594872382?
True
Is 213 a factor of 151119290?
False
Is 29785114 a multiple of 876?
False
Is 35 a factor of 86123695?
True
Is 299370104 a multiple of 6?
False
Is 158 a factor of 26623474?
True
Is 691398896 a multiple of 46?
False
Is 2012 a factor of 1100893968?
True
Does 244 divide 2415600?
True
Is 167 a factor of 241367755?
False
Does 865 divide 108763020?
False
Is 455 a factor of 1108099052?
False
Does 5 divide 130611720?
True
Is 39580898 a multiple of 88?
False
Is 717574200 a multiple of 4656?
False
Is 15 a factor of 1603488183?
False
Does 6 divide 7633560?
True
Is 1548 a factor of 281050236?
True
Is 127156702 a multiple of 19?
True
Is 1735 a factor of 67974010?
False
Is 5813646 a multiple of 359?
True
Does 16 divide 17888068?
False
Does 83 divide 1977531047?
False
Is 4 a factor of 24151816?
True
Is 2982827 a multiple of 361?
False
Is 107 a factor of 1118295590?
False
Does 4 divide 87966176?
True
Does 464 divide 29419724?
False
Does 61 divide 21102693?
False
Is 1429 a factor of 146379615?
True
Is 6 a factor of 43945506?
True
Is 2505 a factor of 584877420?
True
Is 101418831 a multiple of 3?
True
Is 669556541 a multiple of 139?
False
Is 51386064 a multiple of 2971?
False
Is 147 a factor of 113354934?
True
Is 814 a factor of 44555918?
True
Is 31 a factor of 14308658?
False
Does 3 divide 1468203?
True
Is 29419320 a multiple of 60?
True
Does 657 divide 55804266?
True
Is 1316 a factor of 18751709?
False
Is 40210407 a multiple of 93?
False
Is 1096 a factor of 422311816?
True
Does 26 divide 139940892?
True
Is 33 a factor of 50688699?
False
Does 11 divide 201854433?
True
Does 402 divide 233226732?
True
Does 56 divide 170340408?
True
Is 116 a factor of 1588425449?
False
Is 80621096 a multiple of 221?
False
Does 21 divide 46344003?
False
Does 2943 divide 257380065?
True
Does 30 divide 108505022?
False
Is 2 a factor of 522101490?
True
Is 659 a factor of 261770616?
True
Does 56 divide 1502904738?
False
Is 302 a factor of 335290367?
False
Does 7 divide 3702160?
True
Does 327 divide 13303014?
True
Does 165 divide 3729660?
True
Does 4 divide 81858004?
True
Does 13592 divide 6048808477?
False
Is 6069744 a multiple of 48?
True
Is 1347014520 a multiple of 219?
False
Is 15 a factor of 62657318?
False
Is 267268 a multiple of 53?
False
Does 1404 divide 1120890267?
False
Is 258660937 a multiple of 2518?
False
Does 22 divide 43839422?
True
Is 353966778 a multiple of 22?
True
Is 10167142 a multiple of 458?
True
Does 217 divide 261953?
False
Is 3114145441 a multiple of 17?
False
Does 1252 divide 686609955?
False
Is 16 a factor of 423717952?
True
Is 1611 a factor of 107131500?
True
Is 59562293 a multiple of 825?
False
Is 1130819162 a multiple of 209?
True
Does 388 divide 17315667?
False
Is 497 a factor of 36947974?
True
Does 78 divide 385810157?
False
Is 8946978 a multiple of 227?
True
Is 78589875 a multiple of 175?
True
Is 3975 a factor of 117548021?
False
Does 47 divide 344351630?
False
Is 20 a factor of 78003634?
False
Does 2809 divide 116860018?
True
Is 132762807 a multiple of 81?
True
Does 3215 divide 154723338?
False
Does 1946 divide 645317216?
False
Is 12 a factor of 1140996912?
True
Is 1014425295 a multiple of 1469?
True
Does 373 divide 90778129?
True
Is 126 a factor of 90872964?
True
Does 98 divide 41708898?
True
Does 108 divide 112000860?
True
Is 13 a factor of 124311488?
False
Is 308152135 a multiple of 3444?
False
Does 1670 divide 1554686046?
False
Is 70435026 a multiple of 74?
False
Is 6 a factor of 26292714?
True
Is 91568950 a multiple of 550?
True
Does 13 divide 344775969?
False
Is 698735612 a multiple of 159?
False
Is 722 a factor of 8383051?
False
Is 499883895 a multiple of 337?
True
Is 370 a factor of 11298320?
True
Is 2328 a factor of 302428152?
True
Is 511814740 a multiple of 6?
False
Is 4 a factor of 4653751?
False
Is 53 a factor of 2244633?
False
Does 86 divide 4196830?
False
Is 10 a factor of 40418040?
True
Is 106153804 a multiple of 58?
True
Is 98172795 a multiple of 799?
False
Is 112 a factor of 138668320?
True
Is 3600 a factor of 805999773?
False
Is 108 a factor of 46870056?
True
Does 14 divide 348517?
False
Does 27 divide 683872659?
True
Is 29845629 a multiple of 11?
True
Does 212 divide 8460708?
True
Is 122 a factor of 3211910714?
True
Is 128007887 a multiple of 13?
False
Does 1253 divide 2621361987?
False
Does 110 divide 132127611?
False
Is 655683381 a multiple of 6700?
False
Is 21628215 a multiple of 104?
False
Does 597 divide 390714411?
True
Does 25 divide 46480675?
True
Does 5 divide 85309650?
True
Does 212 divide 8536392?
True
Is 150815060 a multiple of 2620?
True
Is 4 a factor of 284861068?
True
Does 276 divide 318288996?
True
Doe